3*z + 3*b - f*b - h = 0. What is the tens digit of z?
1
Suppose 4*a - 2 = -5*p + 6*p, -5*a - 4*p = 8. Suppose -13*o + 34 + 395 = a. What is the tens digit of o?
3
Let m(i) = 4*i**2 - 9*i + 16. Suppose 0 = -231*s + 226*s + 55. What is the units digit of m(s)?
1
Suppose -6*p - 9*p = -6*p. Suppose -c + 485 = -4*l, -c - 5*l + 515 - 75 = p. What is the units digit of c?
5
Let k(q) = q**3 - 8*q**2 + 19*q - 15. Let j be k(10). Let u = j - 148. What is the tens digit of u?
2
Let w(t) = -32*t - 89 - 27*t + 71*t. What is the units digit of w(11)?
3
Let o(a) = 2*a**3 - 2*a**2 - 39*a + 183. What is the thousands digit of o(12)?
2
Suppose -12782 = -30*d + 8788. Suppose 2*r + 3*a = 365, -d = -4*r + 5*a - 0*a. What is the hundreds digit of r?
1
Let h = 5651 + 16849. Suppose -22*a = 3*a - h. What is the tens digit of a?
0
Suppose -21*v - 190 = -23*v. Let o be 10/5 - (v + -1). Let c = o + 157. What is the tens digit of c?
6
Suppose 23 - 371 = l. Let r = -15 - l. What is the hundreds digit of r?
3
Let i(y) = 82*y**2 + 8*y + 29. What is the thousands digit of i(-4)?
1
Let f = -2813 + 4528. Suppose 0 = -2*k - 0*k + 10, f = 5*i - 5*k. What is the hundreds digit of i?
3
Let g(y) = -y**3 - 27*y**2 - 163*y - 22. What is the thousands digit of g(-26)?
3
Let l = 3650 - 3144. What is the units digit of l?
6
Let j = -3014 - -7308. What is the hundreds digit of j?
2
Let p(b) = 910*b + 553. What is the tens digit of p(5)?
0
Let m(h) be the third derivative of h**4 - 41*h**3/6 - 27*h**2. Let u be m(6). Let x = -22 + u. What is the tens digit of x?
8
Let s(f) = -f**2 - 10*f - 7. Let d be s(-9). Suppose -m + v + 4*v + 65 = 0, 0 = -v + d. What is the tens digit of m?
7
Let o = 85724 + -42019. What is the hundreds digit of o?
7
Suppose -o - 2*a = -2623, 10736 = 3*o + a + 2897. What is the thousands digit of o?
2
What is the thousands digit of (-2)/(-6) + -7 + (-32880)/(-18)?
1
Let j(m) = m**2 - 10*m + 26. Let f be j(6). Suppose 101 = f*q - 1839. What is the tens digit of q?
7
Let u(o) = -o**3 - 3*o**2 - 2*o + 4. Let n be u(0). Suppose -n*z + 1960 = z. What is the tens digit of z?
9
Let m = -41 + 45. Suppose 2*c = -2*c - 20, 4*c = -m*r - 8. What is the units digit of ((-8)/r - -4)*(1 - -35)?
8
Suppose 25 = -z + 19. Let j(m) = -5*m + 39. What is the units digit of j(z)?
9
Let q = 34414 - 15868. What is the units digit of q?
6
Suppose -2*g + y - 1011 = -4*g, -5*g + 3*y = -2511. Let q = g + -202. What is the tens digit of q?
0
Let p = -122 + 126. Suppose -4*x + 6636 = p*w, 0 = 3*w - 2*w - x - 1663. What is the thousands digit of w?
1
Suppose 17*x + 8 = 19*x. Suppose -y = -x*y + 6. Suppose -4*m - 158 = -3*o - y*o, -4 = 2*m. What is the tens digit of o?
3
Suppose 5*p - 45200 = -5*h, -p = 12*h - 7*h - 45200. What is the tens digit of h?
4
Let s = -22228 + 58314. What is the tens digit of s?
8
Suppose 13*h - 10*h - 4*j - 27963 = 0, -6 = 2*j. What is the tens digit of h?
1
What is the tens digit of 21/35 + -1 + 3496/40?
8
Let w(l) = 155*l + 624. What is the hundreds digit of w(31)?
4
Suppose 992 = -9*j + 40*j. What is the tens digit of (4 + (-11400)/j)*-4?
0
Suppose 558 = 4*y + 114. Let o(t) = -y*t**3 - t - 3*t**2 + 3*t**2 + 46 - 48. What is the tens digit of o(-1)?
1
Suppose 7935 = -20*h + 435. Let z = h - -842. What is the tens digit of z?
6
Let f = 181 + -190. Let t(b) = -b**3 - 3*b**2 + 33*b - 37. What is the tens digit of t(f)?
5
Let p = -91 + 122. Let f(i) = 13*i + 11. What is the tens digit of f(p)?
1
Let q be (9 - -1)*(-68)/(-85). Let a(p) = q - 11*p - 12*p + 20*p + 2. What is the tens digit of a(0)?
1
Let f(r) = r**2 - 8*r - 14. Let n(i) = -2*i**2 + 15*i + 28. Let d(a) = -5*f(a) - 2*n(a). Let o be d(11). What is the tens digit of (-6*o/6)/((-4)/52)?
3
Suppose 11*h + 1150 = 16*h + 5*k, -k = -3*h + 670. Let l = 311 - h. What is the tens digit of l?
8
Let d = 2704 + 5268. What is the hundreds digit of d?
9
Suppose -3*d + 5*j = -17, 4*d + 3*j - 11 = -2*j. Suppose -2*m - d*f + 628 = 0, -17 = -5*f + 3. What is the tens digit of m?
0
Let f(y) = 5*y - 21 + 2*y - y. Let v(t) = t**2 + 37*t + 247. Let h be v(-8). What is the tens digit of f(h)?
6
Suppose -4*l - 110293 = -5*k, 0 = -2*k + 5*l + 38241 + 5866. What is the hundreds digit of k?
0
Suppose h + 5*r - 3798 = 43361, 3*r = h - 47167. What is the ten thousands digit of h?
4
Suppose 0*x - 456 = -4*x. Let y = x - 87. What is the units digit of y?
7
Let n(q) = q**2 - 13*q + 14. Let a be n(12). Suppose -t - 3*d = 11, 2*t + d - 3*d = 18. Suppose 4*p = -16, 24 = -3*o + t*o + a*p. What is the units digit of o?
2
Suppose -63*c + 67*c - f - 935 = 0, -3*c + 730 = 5*f. Let l be 5 + 4/(4/2). Suppose -l*w = -136 - c. What is the tens digit of w?
5
Let z(l) = -2*l**2 - 25*l - 13. Let m be (7/(-4))/((-93)/12 - -8). Let u be z(m). Let t = 114 - u. What is the tens digit of t?
5
Let x be 10/(-35) - (0 - 63144/14). Suppose 0 = -12*g + 2*g + x. What is the units digit of g?
1
Let i be -211*14*7/(-14). Let p = -734 + i. What is the units digit of p?
3
Suppose 7*r - 28 = -0. Let j be r/18 - (-688)/(-18). Let q = -14 - j. What is the units digit of q?
4
Suppose 11*f + 5*g = 10*f + 2915, 5*f - 4*g = 14430. What is the hundreds digit of f?
8
Let n be (-79)/((-1)/(-2)*-2). Let z be 2/(6/15) + 68. Suppose z + n = 2*g. What is the units digit of g?
6
Suppose -h = -5*z + 1434, z + 3413 = -4*h - 2428. Let r = 2242 + h. What is the tens digit of r?
8
Suppose -657*x + 656*x + 3*c = -43607, -3*c + 217873 = 5*x. What is the hundreds digit of x?
5
What is the ten thousands digit of (-393610)/(-25) - 0 - 6/(-10)?
1
Let i be (-93)/4 + 1/((-20)/15). What is the units digit of ((-1432)/i)/(4/12)?
9
Suppose 142*h = 137*h + 190. Let f = h - -376. What is the units digit of f?
4
Suppose 2*z = r + r - 9466, 4*r = -4*z + 18948. What is the units digit of r?
5
Let q(t) be the first derivative of -11*t**2 - 53*t + 9. Let o be q(-6). Suppose -o = 5*v - 119. What is the units digit of v?
8
Suppose 0 = -4*h + 20*k - 16*k + 39032, 4*h - 2*k - 39018 = 0. What is the units digit of h?
1
Let t be (-4)/(-3)*(-27)/(-6). Let h = 81 + -70. Let n = t + h. What is the tens digit of n?
1
Let r be (-12)/42*14/(-12)*45. Let p(t) = t**3 - 8*t**2 - 28*t - 36. What is the hundreds digit of p(r)?
1
Let q(i) = 6*i + 96. Let h be q(-11). Suppose -2*n - 1000 = -2*m, -h*n = -27*n - 6. What is the tens digit of m?
0
Let m = 27318 + -12037. What is the hundreds digit of m?
2
Let u(l) be the third derivative of l**4/4 + 15*l**3/2 + 17*l**2. Let g be u(-10). What is the tens digit of (-398)/(-6) + (g/(-9) - 2)?
6
Suppose -32*x - 3685 = -933. Let y be -5*1*(2 + 0). Let c = y - x. What is the tens digit of c?
7
Suppose 0 = -12*i - 746 - 730. Let f = i - -182. What is the tens digit of f?
5
Let x(s) be the third derivative of 23*s**4/4 - s**3 - 3*s**2 + 6. What is the units digit of x(4)?
6
Suppose 4*y + 4*x = 30864, y + 2*x = -0*y + 7720. What is the thousands digit of y?
7
Let a(u) = -u**3 + 13*u**2 - u + 17. Let h(z) be the second derivative of z**3/6 + 11*z**2 - 19*z. Let b be h(-10). What is the tens digit of a(b)?
4
Let o(m) = 135*m + 141. What is the hundreds digit of o(0)?
1
Let b(n) = 299*n + 19. Let h be b(3). Suppose h = -16*y + 20*y. What is the units digit of y?
9
Let c(w) = -74*w**3 - 37*w**2 - 141*w + 41. What is the hundreds digit of c(-4)?
7
Let u = 123 - 121. Suppose -245 = -f - 5*z, 5*f = -u*z + 1016 + 140. Suppose 264*l - 259*l = f. What is the units digit of l?
6
Let u(z) = -149*z**3 - 7*z - 6. Let y be u(-1). Suppose d = 3*d - f - 344, d + 5*f - y = 0. What is the tens digit of d?
7
Let f(a) = a**3 + 9*a**2 - 8*a - 15. Suppose 3 = -3*k - 4*o + o, 2*o + 12 = 3*k. Suppose -24 = 5*r - 2*c, 0 = -r + 2*r - k*c. What is the tens digit of f(r)?
4
Suppose -l + 3026 + 4514 = -4*w, 20 = -5*w. What is the hundreds digit of l?
5
What is the units digit of 51488 + 3*-4*9/54?
6
Let k(o) = 8*o**2 - 4*o + 3. Let i be k(-6). Suppose i = 6*h - 243. Suppose -4*x = -75 - h. What is the tens digit of x?
4
Let f(w) = -14*w + 2. Let n be f(-6). Let z = n - -9. What is the units digit of 6*(z/10 - 0)?
7
Let z be 233/(-3) - 14/(-21). Let f be (z/28)/((-2)/16). What is the units digit of (0 - f - -2)/(2/(-12))?
0
Suppose -4*w + 10 + 0 = u, 4*w - 18 = 3*u. Let h be (56 + 14)*(-1 - u). Suppose a = -2*k + 79, 3